{"id":24,"date":"2022-11-16T08:48:26","date_gmt":"2022-11-16T08:48:26","guid":{"rendered":"http:\/\/www.promerk.ee\/?page_id=24"},"modified":"2026-01-14T10:52:03","modified_gmt":"2026-01-14T10:52:03","slug":"contact","status":"publish","type":"page","link":"http:\/\/www.promerk.ee\/?page_id=24","title":{"rendered":"Kontakt"},"content":{"rendered":"\n<p>Saatke l\u00fchike k\u00fcsimus v\u00f5i p\u00f5hjalik l\u00e4hte\u00fclessanne. Me ei erista tavalisi v\u00f5i erilisi k\u00fcsimusi, kui teemaks on veokorraldus!<\/p>\n\n\n","protected":false},"excerpt":{"rendered":"<p>Saatke l\u00fchike k\u00fcsimus v\u00f5i p\u00f5hjalik l\u00e4hte\u00fclessanne. Me ei erista tavalisi v\u00f5i erilisi k\u00fcsimusi, kui teemaks on veokorraldus!<\/p>\n","protected":false},"author":1,"featured_media":88,"parent":0,"menu_order":0,"comment_status":"closed","ping_status":"closed","template":"","meta":{"footnotes":""},"class_list":["post-24","page","type-page","status-publish","has-post-thumbnail","hentry"],"_links":{"self":[{"href":"http:\/\/www.promerk.ee\/index.php?rest_route=\/wp\/v2\/pages\/24","targetHints":{"allow":["GET"]}}],"collection":[{"href":"http:\/\/www.promerk.ee\/index.php?rest_route=\/wp\/v2\/pages"}],"about":[{"href":"http:\/\/www.promerk.ee\/index.php?rest_route=\/wp\/v2\/types\/page"}],"author":[{"embeddable":true,"href":"http:\/\/www.promerk.ee\/index.php?rest_route=\/wp\/v2\/users\/1"}],"replies":[{"embeddable":true,"href":"http:\/\/www.promerk.ee\/index.php?rest_route=%2Fwp%2Fv2%2Fcomments&post=24"}],"version-history":[{"count":5,"href":"http:\/\/www.promerk.ee\/index.php?rest_route=\/wp\/v2\/pages\/24\/revisions"}],"predecessor-version":[{"id":92,"href":"http:\/\/www.promerk.ee\/index.php?rest_route=\/wp\/v2\/pages\/24\/revisions\/92"}],"wp:featuredmedia":[{"embeddable":true,"href":"http:\/\/www.promerk.ee\/index.php?rest_route=\/wp\/v2\/media\/88"}],"wp:attachment":[{"href":"http:\/\/www.promerk.ee\/index.php?rest_route=%2Fwp%2Fv2%2Fmedia&parent=24"}],"curies":[{"name":"wp","href":"https:\/\/api.w.org\/{rel}","templated":true}]}}